{"id":5,"date":"2016-09-19T13:16:19","date_gmt":"2016-09-19T13:16:19","guid":{"rendered":"http:\/\/pennywhistleproject.com\/?page_id=5"},"modified":"2023-10-07T08:52:26","modified_gmt":"2023-10-07T08:52:26","slug":"activiteiten","status":"publish","type":"page","link":"https:\/\/pennywhistleproject.com\/?page_id=5","title":{"rendered":"Activiteiten"},"content":{"rendered":"<div style=\"font-family: Karla, sans-serif; color: #333333; margin: 0.8em 0px;\">\n<div style=\"font-family: Karla, sans-serif; color: #333333; margin: 0.8em 0px;\">Doel van de \u2018Stichting het Pennywhistle Project\u2019:<\/div>\n<div style=\"font-family: Karla, sans-serif; color: #333333; margin: 0.8em 0px;\">Het Pennywhistle Project omvat als een paraplu verschillende projecten vanuit het hart voornamelijk geconcentreerd rond kinderen in ontwikkelingslanden (Nepal). De stichting beoogt het verbeteren van de kwaliteit van leven en welzijn van kansarme\u00a0kinderen en volwassenen.\u00a0Kinderen die nog steeds, of die vroeger op straat leefden. Projecten rond verschillende kinderhuizen, scholen, primary health care- en water-projecten. Training en het inspireren van (jonge) mensen, educatie, muziek en toneel. Wij werken soms samen met andere stichtingen en we zijn ook actief in Engeland en Nederland.<\/div>\n<div style=\"font-family: Karla, sans-serif; color: #333333; margin: 0.8em 0px;\"><em>Aim of \u2018The Pennywhistle Project Foundation\u2019:\u00a0<\/em><\/div>\n<div style=\"font-family: Karla, sans-serif; color: #333333; margin: 0.8em 0px;\"><em><span style=\"color: #333333; font-family: Karla, sans-serif;\">The Pennywhistle Project Foundation is the umbrella of different profound projects round children who live or who used to live on the streets in developmental countries (Nepal). Aim of the foundation\u00a0is to improve the quality of life and the wellbeing of less privileged children and adults.\u00a0Projects involve different children-homes, schools, primary\u00a0health care and water projects. Training and inspiring (young) people, education, music and performing arts. We cooperate with different foundations and we are also active in England and the Netherlands.<\/span><\/em><\/div>\n<\/div>\n<div style=\"font-family: Karla, sans-serif; color: #333333; margin: 0.8em 0px;\">Projecten \/\u00a0<em>Projects:<\/em><\/div>\n<ol style=\"font-family: Karla, sans-serif; color: #333333; margin: 0px 0px 0.8em 1.6em; padding: 0px;\">\n<li>Kinderhuis \u2018Lotus Family Foundation Nepal \/ <em>Children home \u2018Lotus Family Foundation Nepal\u2019.\u00a0<\/em><\/li>\n<\/ol>\n<div class=\"tiled-gallery type-rectangular\" style=\"overflow: hidden; font-family: Karla, sans-serif; color: #333333; clear: both; margin: 0px 0px 20px;\" data-original-width=\"685\" data-carousel-extra=\"{&quot;blog_id&quot;:116427262,&quot;permalink&quot;:&quot;https:\\\/\\\/57600033swhstratohosting.wordpress.com\\\/pennywhistle-project-foundation?iframe=true\\u0026theme_preview=true&quot;,&quot;likes_blog_id&quot;:116427262}\">\u00a0<img fetchpriority=\"high\" decoding=\"async\" class=\"alignnone size-medium wp-image-45\" src=\"http:\/\/pennywhistleproject.com\/wp-content\/uploads\/2016\/09\/IMG_7368-300x225.jpg\" alt=\"img_7368\" width=\"300\" height=\"225\" srcset=\"https:\/\/pennywhistleproject.com\/wp-content\/uploads\/2016\/09\/IMG_7368-300x225.jpg 300w, https:\/\/pennywhistleproject.com\/wp-content\/uploads\/2016\/09\/IMG_7368-768x576.jpg 768w, https:\/\/pennywhistleproject.com\/wp-content\/uploads\/2016\/09\/IMG_7368-1024x768.jpg 1024w\" sizes=\"(max-width: 300px) 100vw, 300px\" \/>\u00a0<img decoding=\"async\" class=\"alignnone size-medium wp-image-46\" src=\"http:\/\/pennywhistleproject.com\/wp-content\/uploads\/2016\/09\/IMG_7362-300x225.jpg\" alt=\"img_7362\" width=\"300\" height=\"225\" srcset=\"https:\/\/pennywhistleproject.com\/wp-content\/uploads\/2016\/09\/IMG_7362-300x225.jpg 300w, https:\/\/pennywhistleproject.com\/wp-content\/uploads\/2016\/09\/IMG_7362-768x576.jpg 768w, https:\/\/pennywhistleproject.com\/wp-content\/uploads\/2016\/09\/IMG_7362-1024x768.jpg 1024w\" sizes=\"(max-width: 300px) 100vw, 300px\" \/><\/div>\n<div style=\"font-family: Karla, sans-serif; color: #333333; margin: 0.8em 0px;\">Het kinderhuis wordt sinds 2011 maandelijks ondersteund in de kosten voor de huur, water, electriciteit, gas, voedsel, medische kosten, kleding, schoolspullen en praktische hulp in en om het huis.<\/div>\n<div style=\"font-family: Karla, sans-serif; color: #333333; margin: 0.8em 0px;\"><em><span style=\"color: #333333; font-family: Karla, sans-serif;\">Since 2011 the children home is supported every month in the costs of rent, water, electricity, gas, food, medical costs, clothes, school uniforms (pens, paper etc) and practical help in and round the house.<\/span><\/em><\/div>\n<div style=\"font-family: Karla, sans-serif; color: #333333; margin: 0.8em 0px;\"><img decoding=\"async\" class=\"alignnone size-medium wp-image-47\" src=\"http:\/\/pennywhistleproject.com\/wp-content\/uploads\/2016\/09\/IMG_7489-300x225.jpg\" alt=\"img_7489\" width=\"300\" height=\"225\" srcset=\"https:\/\/pennywhistleproject.com\/wp-content\/uploads\/2016\/09\/IMG_7489-300x225.jpg 300w, https:\/\/pennywhistleproject.com\/wp-content\/uploads\/2016\/09\/IMG_7489-768x576.jpg 768w, https:\/\/pennywhistleproject.com\/wp-content\/uploads\/2016\/09\/IMG_7489-1024x768.jpg 1024w\" sizes=\"(max-width: 300px) 100vw, 300px\" \/>\u00a0<img loading=\"lazy\" decoding=\"async\" class=\"alignnone size-medium wp-image-49\" src=\"http:\/\/pennywhistleproject.com\/wp-content\/uploads\/2016\/09\/13115783_1113039255420606_1537068792_n-300x225.jpg\" alt=\"13115783_1113039255420606_1537068792_n\" width=\"300\" height=\"225\" srcset=\"https:\/\/pennywhistleproject.com\/wp-content\/uploads\/2016\/09\/13115783_1113039255420606_1537068792_n-300x225.jpg 300w, https:\/\/pennywhistleproject.com\/wp-content\/uploads\/2016\/09\/13115783_1113039255420606_1537068792_n-768x576.jpg 768w, https:\/\/pennywhistleproject.com\/wp-content\/uploads\/2016\/09\/13115783_1113039255420606_1537068792_n.jpg 960w\" sizes=\"(max-width: 300px) 100vw, 300px\" \/><\/div>\n<div style=\"font-family: Karla, sans-serif; color: #333333; margin: 0.8em 0px;\">Iman and Binita Lama zorgen voor op liefdevolle manier voor de kinderen. Zij wonen samen met hun eigen zoon in het huis. Anita, de kokkin, helpt met het huishouden. Er wonen 10 kinderen in het huis,\u00a0 7 jongens en 3 meisjes. De 2 dochters van Anita slapen thuis, zij horen ook bij de Lotus familie. De kinderen zijn door omstandigheden met hun families op straat in Kathmandu beland en elkaar vaak kwijt geraakt of ouders zijn overleden. Twee kinderen kwamen van het platteland omdat zij ondervoed waren.<\/div>\n<div style=\"font-family: Karla, sans-serif; color: #333333; margin: 0.8em 0px;\"><em><span style=\"color: #333333; font-family: Karla, sans-serif;\">Iman and <\/span><span style=\"color: #333333; font-family: Karla, sans-serif;\">Binita Lama are taking care of the children in a very loving way. They live in the home together with their own son. Anita, the cook, helps with the household. Ten children live in the home,\u00a0 7 boys and 3 girls. The two daughters of Anita sleep at home, they also belong to Lotus family. The children ended up on the streets of Kathmandu with their families. They have lost each other or parents passed away. Two children came form the countryside because they were malnourished.<\/span><\/em><\/div>\n<div style=\"font-family: Karla, sans-serif; color: #333333; margin: 0.8em 0px;\">2. Educatie individueel en hulp aan scholen \/ <em>Education of individuals and support of schools:<\/em><\/div>\n<div style=\"font-family: Karla, sans-serif; color: #333333; margin: 0.8em 0px;\">Scholing van enkele jonge mensen, zodat zij financieel onafhankelijk kunnen worden: \u00e9\u00e9n verpleegkundige-, \u00e9\u00e9n kapster en schoonheidsspecilaiste, \u00e9\u00e9n jazz-gitarist ging naar het jazz conservatorium.<\/div>\n<div style=\"font-family: Karla, sans-serif; color: #333333; margin: 0.8em 0px;\"><\/div>\n<div style=\"font-family: Karla, sans-serif; color: #333333; margin: 0.8em 0px;\"><img loading=\"lazy\" decoding=\"async\" class=\"alignnone size-medium wp-image-114\" src=\"http:\/\/pennywhistleproject.com\/wp-content\/uploads\/2016\/09\/1377204_926188594105674_3207592754823904558_n-225x300.jpg\" alt=\"1377204_926188594105674_3207592754823904558_n\" width=\"225\" height=\"300\" srcset=\"https:\/\/pennywhistleproject.com\/wp-content\/uploads\/2016\/09\/1377204_926188594105674_3207592754823904558_n-225x300.jpg 225w, https:\/\/pennywhistleproject.com\/wp-content\/uploads\/2016\/09\/1377204_926188594105674_3207592754823904558_n-203x270.jpg 203w, https:\/\/pennywhistleproject.com\/wp-content\/uploads\/2016\/09\/1377204_926188594105674_3207592754823904558_n.jpg 720w\" sizes=\"(max-width: 225px) 100vw, 225px\" \/> <img loading=\"lazy\" decoding=\"async\" class=\"alignnone size-medium wp-image-115\" src=\"http:\/\/pennywhistleproject.com\/wp-content\/uploads\/2016\/09\/13082_1597684767156098_2086852918972745024_n-225x300.jpg\" alt=\"13082_1597684767156098_2086852918972745024_n\" width=\"225\" height=\"300\" srcset=\"https:\/\/pennywhistleproject.com\/wp-content\/uploads\/2016\/09\/13082_1597684767156098_2086852918972745024_n-225x300.jpg 225w, https:\/\/pennywhistleproject.com\/wp-content\/uploads\/2016\/09\/13082_1597684767156098_2086852918972745024_n-203x270.jpg 203w, https:\/\/pennywhistleproject.com\/wp-content\/uploads\/2016\/09\/13082_1597684767156098_2086852918972745024_n.jpg 720w\" sizes=\"(max-width: 225px) 100vw, 225px\" \/>\u00a0<img loading=\"lazy\" decoding=\"async\" class=\"alignnone size-medium wp-image-116\" src=\"http:\/\/pennywhistleproject.com\/wp-content\/uploads\/2016\/09\/IMG_8506-300x169.jpg\" alt=\"img_8506\" width=\"300\" height=\"169\" srcset=\"https:\/\/pennywhistleproject.com\/wp-content\/uploads\/2016\/09\/IMG_8506-300x169.jpg 300w, https:\/\/pennywhistleproject.com\/wp-content\/uploads\/2016\/09\/IMG_8506-768x432.jpg 768w, https:\/\/pennywhistleproject.com\/wp-content\/uploads\/2016\/09\/IMG_8506-1024x575.jpg 1024w, https:\/\/pennywhistleproject.com\/wp-content\/uploads\/2016\/09\/IMG_8506-480x270.jpg 480w\" sizes=\"(max-width: 300px) 100vw, 300px\" \/><\/div>\n<div style=\"font-family: Karla, sans-serif; color: #333333; margin: 0.8em 0px;\"><em>Schooling of young people in order to become financially independent: a nurse, a beautician and a jazz gitarist went to jazz college.<\/em><\/div>\n<div style=\"font-family: Karla, sans-serif; color: #333333; margin: 0.8em 0px;\">In \u00e9\u00e9n school op het platteland werd een bibliotheek geinstalleerd en op de Hamro Sunshine School (Boudhanath) werd een muziek lokaal ingericht en voorzien van instrumenten. Ook werd het schoollied officieel opgenomen zodat het elke dag gespeeld kan worden op het schoolplein.<\/div>\n<div style=\"font-family: Karla, sans-serif; color: #333333; margin: 0.8em 0px;\"><img loading=\"lazy\" decoding=\"async\" class=\"alignnone size-medium wp-image-117\" src=\"http:\/\/pennywhistleproject.com\/wp-content\/uploads\/2016\/09\/1239529_627802537250447_2047290577_n-300x200.jpg\" alt=\"1239529_627802537250447_2047290577_n\" width=\"300\" height=\"200\" srcset=\"https:\/\/pennywhistleproject.com\/wp-content\/uploads\/2016\/09\/1239529_627802537250447_2047290577_n-300x200.jpg 300w, https:\/\/pennywhistleproject.com\/wp-content\/uploads\/2016\/09\/1239529_627802537250447_2047290577_n-406x270.jpg 406w, https:\/\/pennywhistleproject.com\/wp-content\/uploads\/2016\/09\/1239529_627802537250447_2047290577_n.jpg 720w\" sizes=\"(max-width: 300px) 100vw, 300px\" \/>\u00a0\u00a0<img loading=\"lazy\" decoding=\"async\" class=\"alignnone size-medium wp-image-119\" src=\"http:\/\/pennywhistleproject.com\/wp-content\/uploads\/2016\/09\/IMG_20160126_141322-300x225.jpg\" alt=\"img_20160126_141322\" width=\"300\" height=\"225\" srcset=\"https:\/\/pennywhistleproject.com\/wp-content\/uploads\/2016\/09\/IMG_20160126_141322-300x225.jpg 300w, https:\/\/pennywhistleproject.com\/wp-content\/uploads\/2016\/09\/IMG_20160126_141322-768x576.jpg 768w, https:\/\/pennywhistleproject.com\/wp-content\/uploads\/2016\/09\/IMG_20160126_141322-1024x768.jpg 1024w, https:\/\/pennywhistleproject.com\/wp-content\/uploads\/2016\/09\/IMG_20160126_141322-360x270.jpg 360w, https:\/\/pennywhistleproject.com\/wp-content\/uploads\/2016\/09\/IMG_20160126_141322.jpg 2048w\" sizes=\"(max-width: 300px) 100vw, 300px\" \/>\u00a0<img loading=\"lazy\" decoding=\"async\" class=\"alignnone size-medium wp-image-120\" src=\"http:\/\/pennywhistleproject.com\/wp-content\/uploads\/2016\/09\/IMG_20151119_100425-300x225.jpg\" alt=\"img_20151119_100425\" width=\"300\" height=\"225\" srcset=\"https:\/\/pennywhistleproject.com\/wp-content\/uploads\/2016\/09\/IMG_20151119_100425-300x225.jpg 300w, https:\/\/pennywhistleproject.com\/wp-content\/uploads\/2016\/09\/IMG_20151119_100425-768x576.jpg 768w, https:\/\/pennywhistleproject.com\/wp-content\/uploads\/2016\/09\/IMG_20151119_100425-1024x768.jpg 1024w, https:\/\/pennywhistleproject.com\/wp-content\/uploads\/2016\/09\/IMG_20151119_100425-360x270.jpg 360w, https:\/\/pennywhistleproject.com\/wp-content\/uploads\/2016\/09\/IMG_20151119_100425.jpg 2048w\" sizes=\"(max-width: 300px) 100vw, 300px\" \/><\/div>\n<div style=\"font-family: Karla, sans-serif; color: #333333; margin: 0.8em 0px;\"><em>In one school in the countryside a library was installed and on the Hamro Sunshine School (Boudhanath) the music classroom was painted, flooring was laid and musical intruments were provided. Also the Schoolsong was officially recorded for the Hamro Sunshine School. Now the Schoolsong can be played every day when the children arrive at school.<\/em><\/div>\n","protected":false},"excerpt":{"rendered":"<p>Doel van de \u2018Stichting het Pennywhistle Project\u2019: Het Pennywhistle Project omvat als een paraplu verschillende projecten vanuit het hart voornamelijk geconcentreerd rond kinderen in ontwikkelingslanden (Nepal). De stichting beoogt het verbeteren van de kwaliteit van leven en welzijn van kansarme\u00a0kinderen en volwassenen.\u00a0Kinderen die nog steeds, of die vroeger op straat leefden. Projecten rond verschillende kinderhuizen, scholen, primary health care- en water-projecten. Training en het inspireren van (jonge) mensen, educatie, muziek en toneel. Wij werken soms samen met andere stichtingen en&#8230;<\/p>\n<p class=\"read-more\"><a class=\"btn btn-default\" href=\"https:\/\/pennywhistleproject.com\/?page_id=5\"> Lees Meer<span class=\"screen-reader-text\">  Lees Meer<\/span><\/a><\/p>\n","protected":false},"author":1,"featured_media":71,"parent":0,"menu_order":0,"comment_status":"closed","ping_status":"closed","template":"","meta":{"footnotes":""},"class_list":["post-5","page","type-page","status-publish","has-post-thumbnail","hentry"],"_links":{"self":[{"href":"https:\/\/pennywhistleproject.com\/index.php?rest_route=\/wp\/v2\/pages\/5","targetHints":{"allow":["GET"]}}],"collection":[{"href":"https:\/\/pennywhistleproject.com\/index.php?rest_route=\/wp\/v2\/pages"}],"about":[{"href":"https:\/\/pennywhistleproject.com\/index.php?rest_route=\/wp\/v2\/types\/page"}],"author":[{"embeddable":true,"href":"https:\/\/pennywhistleproject.com\/index.php?rest_route=\/wp\/v2\/users\/1"}],"replies":[{"embeddable":true,"href":"https:\/\/pennywhistleproject.com\/index.php?rest_route=%2Fwp%2Fv2%2Fcomments&post=5"}],"version-history":[{"count":45,"href":"https:\/\/pennywhistleproject.com\/index.php?rest_route=\/wp\/v2\/pages\/5\/revisions"}],"predecessor-version":[{"id":426,"href":"https:\/\/pennywhistleproject.com\/index.php?rest_route=\/wp\/v2\/pages\/5\/revisions\/426"}],"wp:featuredmedia":[{"embeddable":true,"href":"https:\/\/pennywhistleproject.com\/index.php?rest_route=\/wp\/v2\/media\/71"}],"wp:attachment":[{"href":"https:\/\/pennywhistleproject.com\/index.php?rest_route=%2Fwp%2Fv2%2Fmedia&parent=5"}],"curies":[{"name":"wp","href":"https:\/\/api.w.org\/{rel}","templated":true}]}}